t common factor of 41 and r?
41
Let n be 105*((-3)/(0 - -3) - -2). Calculate the highest common factor of n and 165.
15
Let r(q) = 9*q**2 - 3*q - 5. Let u be r(-2). Suppose 5 + u = 2*z. Calculate the highest common divisor of 3 and z.
3
Let w = -13 - -15. Let i be (w - 3)/(2/50). Let g be (8/(-4) - 1)*i. What is the greatest common factor of 30 and g?
15
Suppose -136 = -9*j - 1. Let l(v) = 4*v - 52. Let s be l(j). Calculate the greatest common factor of 16 and s.
8
Suppose -2446 - 293 = -33*y. What is the greatest common factor of y and 1328?
83
Let s = 16 + 23. Let l = s - 30. Calculate the greatest common factor of 153 and l.
9
Let s(o) = -o**2 - 4*o + 5 - 2*o + 2*o. Let w be s(-4). Suppose 22*a + 12*a = -15*a + 735. What is the greatest common divisor of w and a?
5
Let z = -197 - -188. Let l be (1/(-2))/((-1)/18). Let d be z*((-600)/l)/5. What is the highest common factor of d and 30?
30
Let w(m) = 2*m**2 + 11*m + 9. Let v(t) = 4*t**2 + 23*t + 19. Let u(o) = -6*v(o) + 13*w(o). Let d be u(-4). Calculate the greatest common divisor of 3 and d.
3
Let d(j) = -2*j**3 - 4*j - 8. Let m be d(-2). What is the highest common divisor of m and 208?
16
Let d = 672 - 650. What is the highest common factor of d and 253?
11
Let b = -1337 + 1344. Calculate the greatest common divisor of b and 2401.
7
Let x be -3 + (3 - 2 - -308). Suppose -d - d = -x. Let i = 30 - 13. Calculate the greatest common divisor of d and i.
17
Suppose -4*p + 132 = 5*b, -4*p - 10*b + 6*b + 128 = 0. Calculate the highest common divisor of p and 126.
14
Suppose -53*w = 9*w - 16058. Calculate the highest common divisor of 7 and w.
7
Suppose 0 = 5*w - 651 - 19. Let n = 244 - w. Suppose 5*v - 2*m = 286 - 56, -3*m = -4*v + 191. Calculate the highest common divisor of v and n.
22
Let j(s) = -48*s + 102. Let y be j(-1). What is the highest common factor of y and 45?
15
Let s(m) = -6*m - 3. Let b be s(3). Let t = b + 41. Let y(a) = a**2 + 2*a + 6. Let r be y(4). Calculate the greatest common factor of r and t.
10
Suppose -2*s + 5*s = 0. Suppose s = z - 65 - 31. Calculate the greatest common divisor of z and 24.
24
Suppose 0 = x - 2*v - 47, -4*v + 2*v - 125 = -3*x. Let a = x - 37. Let k = 7 + a. Calculate the highest common divisor of k and 99.
9
Suppose t + 20 = y + 2*t, -4*y = 2*t - 84. Let w(a) = 22*a**2 - 9*a + 9. Let p be w(1). Calculate the highest common divisor of p and y.
22
Let x(f) = -7*f - 89. Let o be x(-13). Let u be 1*(-3)/((-6)/4). What is the highest common factor of o and u?
2
Let j(s) be the third derivative of -11*s**4/24 - 11*s**3/6 - 5*s**2. Let k be j(-3). What is the greatest common divisor of k and 22?
22
Suppose 5 = 4*h + 4*z - 15, 5*h - 4*z = 43. Suppose 10 + 53 = h*d. What is the greatest common factor of d and 9?
9
Suppose -3*l + 5*k = -475, 0 = 3*l + 2*k - 142 - 361. Calculate the highest common factor of l and 66.
33
Let u(v) = -v**2 + 7*v - 13. Let k be u(7). Let w(a) = a + 48. Let g be w(k). Let z be -3*2/(18/(-15)). Calculate the greatest common divisor of g and z.
5
Suppose -3*c = o - 6*c - 13, 11 = 5*o + 3*c. What is the greatest common factor of o and 212?
4
Suppose 0*h = -3*h + 15. Suppose h*m + 117 = 4*y, -4*y - 25 = -m - 122. What is the highest common divisor of 23 and y?
23
Let w(b) = 5*b - 3. Let k be w(1). Suppose 15 = k*v + 3*v. Suppose 0 = -h + 4 + v. Calculate the highest common divisor of 77 and h.
7
Let y = -70 - -128. Suppose y = 3*b - 35. Calculate the greatest common divisor of 279 and b.
31
Suppose -6*c + 5 + 25 = 0. Suppose 6*t - c*p = t + 20, 0 = t + p - 2. What is the highest common factor of 6 and t?
3
Suppose 199*a = 210*a - 836. What is the greatest common factor of a and 76?
76
Suppose 36 = 2*j + 14. Suppose -6*i = -j*i + 295. Let t = i + -35. What is the greatest common factor of 48 and t?
24
Let p(t) = 2*t**2 - 23*t - 142. Let s be p(16). Suppose 0 = 2*x - 2 - 4. What is the greatest common divisor of x and s?
1
Let u be 141 + ((-16)/20 - (-76)/20). What is the highest common divisor of 16 and u?
16
Suppose c + 2 + 2 = 2*p, 3*p - 9 = 3*c. Suppose 141 = 4*k + n, -p = 4*n + 11. What is the greatest common factor of k and 72?
36
Let x be (46292/(-815))/((-4)/30). What is the greatest common divisor of x and 1136?
142
Suppose 329 = 5*n - 3*t, -450 = -5*n + 5*t - 125. What is the greatest common factor of n and 469?
67
Suppose 0 = o - 3*y - 18, o - 2 = 2*y + 11. Suppose -p - 3*l = o*p - 190, -144 = -3*p - 3*l. Calculate the highest common factor of 2 and p.
2
Let k(g) = -23*g + 31. Let q be k(-5). Suppose -10*n + 34 = -q. What is the greatest common divisor of n and 12?
6
Let k = 185 - 148. Suppose k = -8*t + 341. Calculate the greatest common divisor of 266 and t.
38
Suppose 32*f - 30*f + 4 = 0. Let v(c) = -2*c**3 - c + 4. Let n be v(f). Calculate the greatest common factor of n and 2.
2
Let g = 1364 - 1287. What is the greatest common factor of g and 187?
11
Let s = -553 + 1123. What is the highest common divisor of s and 76?
38
Let u(x) = x + 14. Let n be u(-9). Suppose -9*d + n = -4*d. Suppose 0 = c + 6 - 14. Calculate the greatest common factor of d and c.
1
Let v(b) = b**3 + 47*b**2 + 87*b + 21. Let k be v(-44). Calculate the greatest common divisor of 87 and k.
87
Let w = -6 + 8. Suppose 17*p - 18*p = 16. Let l = w - p. What is the greatest common factor of l and 9?
9
Suppose 6*v + 205 = 1021. Calculate the highest common divisor of 68 and v.
68
Suppose -a + 11 = 2*f - 0*f, -f + 1 = 5*a. Let t(r) = 2*r**3 - 64*r**2 - 63*r - 75. Let o be t(33). What is the greatest common divisor of o and f?
6
Let d be (-3 + 1)/(-4)*0. Suppose d = a + 3*y + 15, -a + 9 = -4*a + 3*y. Let k be (-2)/4*(a - -2). What is the highest common factor of k and 22?
2
Let l be ((70/(-14))/5)/((-2)/36). What is the greatest common factor of 4 and l?
2
Suppose 0 = -3*t - d + 8, 3*d - d = 3*t - 2. Suppose 2*f - 29 - 19 = -j, 56 = t*f + 3*j. What is the highest common divisor of 110 and f?
22
Let r(z) = z**3 + 7*z**2 + 5*z + 14. Let s be r(-6). Suppose -4*i + 4*w + 368 = -264, 4*w = -s. What is the greatest common factor of 17 and i?
17
Suppose -6*o = -75 - 15. Calculate the highest common factor of o and 75.
15
Suppose 5*t = 14 + 1. Suppose 0 = -t*d - 12 + 282. Suppose w = -h + d, -2*w - 5*h - 6 = -186. Calculate the highest common factor of 18 and w.
18
Let q = 17 - -7. Suppose 5*k - 10*m = -12*m + 416, -m = 4*k - 334. What is the greatest common divisor of q and k?
12
Let m(v) = -v**3 + 18*v**2 - 2*v + 41. Let t be m(18). Suppose -3*x + 2*l = 4*l - 62, -4*x + t*l + 98 = 0. Calculate the greatest common divisor of 11 and x.
11
Let g(r) = r**3 + r**2 - 3*r + 3. Let x be g(3). Suppose 0*o - o + x = 0. Suppose z = 6*z - o. Calculate the greatest common divisor of 54 and z.
6
Let z(x) = -2*x**2 - 16*x - 17. Let a be z(-8). Let f be ((-6)/8)/(a/272). Calculate the highest common factor of 30 and f.
6
Let r be (-10)/8*(-3 + -1). Suppose 0*i - 5 = -i - s, r = -i + s. Suppose i = -y + 2, -52 = -n - 2*n - 2*y. Calculate the greatest common divisor of n and 16.
16
Suppose -2*n = -5*y + 20, -2*y - 4*n - 1 = -9. Suppose 2*v + 0*v - 51 = 3*u, -y*v - 4*u + 52 = 0. Calculate the greatest common factor of v and 12.
6
Let t = 3982 - 3957. Let q be (-45)/2*20/(-6). Calculate the greatest common divisor of q and t.
25
Suppose -20 = 117*z - 119*z. What is the greatest common factor of 160 and z?
10
Let w(h) = h**2 - h + 10. Let y = 30 - 22. Let k be w(y). What is the greatest common factor of 22 and k?
22
Let z = 6 - 2. Suppose g - 5*j + 10*j = 17, 116 = 4*g - z*j. Let c = -79 + 322. What is the highest common divisor of g and c?
27
Let g = 26 - -58. What is the greatest common divisor of g and 28?
28
Suppose -2*n + 36 = 2*n. Let c = n - 3. Let q(l) = l**2 + 3*l + 6. Let h be q(-6). What is the greatest common factor of h and c?
6
Let l = 1692 + -1690. Calculate the greatest common factor of l and 59.
1
Let g(o) = 300*o**2 - o + 5. Let p be g(-2). Calculate the highest common divisor of p and 71.
71
Let d be 302/8 + (-4)/(-16). Let q be 51/34*(d - 0). Calculate the highest common divisor of 38 and q.
19
Let z = 4 + -5. Let x(j) = j**2 + j. Let y be x(z). Suppose -3*i + 1 + 29 = y. Calculate the highest common divisor of 15 and i.
5
Suppose -10*t - 70 = -15*t. Let j(h) = 2*h**2